{"id":93,"date":"2015-07-22T07:24:54","date_gmt":"2015-07-22T07:24:54","guid":{"rendered":"http:\/\/discordia.home.pl\/autoinstalator\/wordpress\/?page_id=93"},"modified":"2020-01-15T08:22:31","modified_gmt":"2020-01-15T07:22:31","slug":"egzaminy-telc","status":"publish","type":"page","link":"https:\/\/www.cityschool.pl\/?page_id=93","title":{"rendered":"PRZYGOTOWANIE EGZAMINY TELC \/ TOEIC"},"content":{"rendered":"<div id=\"pl-93\"  class=\"panel-layout\" >\n<div id=\"pg-93-0\"  class=\"panel-grid panel-no-style\" >\n<div id=\"pgc-93-0-0\"  class=\"panel-grid-cell\"  data-weight=\"0.5\" >\n<div id=\"panel-93-0-0-0\" class=\"so-panel widget widget_black-studio-tinymce widget_black_studio_tinymce panel-first-child panel-last-child\" data-index=\"0\" data-style=\"{&quot;background_image_attachment&quot;:false,&quot;background_display&quot;:&quot;tile&quot;}\" >\n<div class=\"textwidget\">\n<p class=\"news\" style=\"text-align: justify;\"><img loading=\"lazy\" decoding=\"async\" class=\"alignleft  wp-image-517\" src=\"http:\/\/www.cityschool.pl\/wp-content\/uploads\/2015\/07\/example_TELC_logo_to-300x172.jpg\" alt=\"Smilelogo_claim_21.8\" width=\"165\" height=\"95\" srcset=\"https:\/\/www.cityschool.pl\/wp-content\/uploads\/2015\/07\/example_TELC_logo_to-300x172.jpg 300w, https:\/\/www.cityschool.pl\/wp-content\/uploads\/2015\/07\/example_TELC_logo_to-1024x588.jpg 1024w, https:\/\/www.cityschool.pl\/wp-content\/uploads\/2015\/07\/example_TELC_logo_to.jpg 1784w\" sizes=\"auto, (max-width: 165px) 100vw, 165px\" \/>Egzaminy TELC zosta\u0142y opracowane na podstawie skali poziom\u00f3w bieg\u0142o\u00b6ci j\u0119zykowej uj\u0119tej w Europejskim Systemie Opisu Kszta\u0142cenia J\u0119zykowego (Common European Framework) Rady Europy.<\/p>\n<p class=\"news\" style=\"text-align: justify;\">Certyfikaty TELC s\u00b1 uznawane przez instytucje, pracodawc\u00f3w, uczelnie jak i Ministerstwo Edukacji Narodowej. Prezes Rady Ministr\u00f3w Rzeczypospolitej Polskiej uzna\u0142, \u017ce egzaminy TELC spe\u0142niaj\u00b1 wymogi post\u0119powania kwalifikacyjnego i dokumentowania znajomo\u00b6ci j\u0119zyka obcego w s\u0142u\u017cbie cywilnej<\/p>\n<\/div>\n<\/div>\n<\/div>\n<div id=\"pgc-93-0-1\"  class=\"panel-grid-cell\"  data-weight=\"0.5\" >\n<div id=\"panel-93-0-1-0\" class=\"so-panel widget widget_black-studio-tinymce widget_black_studio_tinymce panel-first-child panel-last-child\" data-index=\"1\" data-style=\"{&quot;background_display&quot;:&quot;tile&quot;}\" >\n<div class=\"textwidget\">\n<p style=\"text-align: justify;\"><img loading=\"lazy\" decoding=\"async\" class=\"size-medium wp-image-516 alignleft\" src=\"http:\/\/www.cityschool.pl\/wp-content\/uploads\/2015\/07\/logo-toeic-transparent-300x80.png\" alt=\"logo-toeic-transparent\" width=\"300\" height=\"80\" srcset=\"https:\/\/www.cityschool.pl\/wp-content\/uploads\/2015\/07\/logo-toeic-transparent-300x80.png 300w, https:\/\/www.cityschool.pl\/wp-content\/uploads\/2015\/07\/logo-toeic-transparent-1024x273.png 1024w\" sizes=\"auto, (max-width: 300px) 100vw, 300px\" \/>Przez ponad 30 lat testy TOEIC wyznaczaj\u00b1 standardy oceny kompetencji j\u0119zykowych w \u00b6rodowisku pracy. Dzisiaj wyniki TOEIC? s\u00b1 uznawane przez ponad 14 000 firm, agencji rz\u00b1dowych oraz program\u00f3w nauczania j\u0119zyka angielskiego w ponad 150 krajach na ca\u0142ym \u00b6wiecie.\u00a0<\/p>\n<p style=\"text-align: justify;\">Spe\u0142niaj\u00b1 wymogi post\u0119powania kwalifikacyjnego i dokumentowania znajomo\u00b6ci j\u0119zyka obcego w s\u0142u\u017cbie cywilnej.<\/p>\n<p>\u00a0<\/p>\n<\/div>\n<\/div>\n<\/div>\n<\/div>\n<div id=\"pg-93-1\"  class=\"panel-grid panel-no-style\" >\n<div id=\"pgc-93-1-0\"  class=\"panel-grid-cell\"  data-weight=\"1\" >\n<div id=\"panel-93-1-0-0\" class=\"so-panel widget widget_black-studio-tinymce widget_black_studio_tinymce panel-first-child panel-last-child\" data-index=\"2\" data-style=\"{&quot;background_image_attachment&quot;:false,&quot;background_display&quot;:&quot;tile&quot;}\" >\n<div class=\"textwidget\">Terminy kurs\u00f3w przygotowuj\u00b1cych do egzaminu na poziomie B2<\/p>\n<p><strong>\u00a0<\/strong><\/p>\n<p>Godziny zaj\u0119\u0107: daty i godziny zaj\u0119\u0107 na formularzu zg\u0142oszeniowym, ilo\u00b6\u0107 godzin w kursie to 50h dydaktycznych<\/p><\/div>\n<\/div>\n<\/div>\n<\/div>\n<div id=\"pg-93-2\"  class=\"panel-grid panel-no-style\"  data-style=\"{&quot;background_image_attachment&quot;:false,&quot;background_display&quot;:&quot;tile&quot;,&quot;cell_alignment&quot;:&quot;flex-start&quot;}\" >\n<div id=\"pgc-93-2-0\"  class=\"panel-grid-cell\"  data-weight=\"1\" >\n<div id=\"panel-93-2-0-0\" class=\"so-panel widget widget_sow-button panel-first-child panel-last-child\" data-index=\"3\" data-style=\"{&quot;background_image_attachment&quot;:false,&quot;background_display&quot;:&quot;tile&quot;}\" ><div\n\t\t\t\n\t\t\tclass=\"so-widget-sow-button so-widget-sow-button-atom-66466acb9e12\"\n\t\t\t\n\t\t><div class=\"ow-button-base ow-button-align-center\"\n>\n\t\t\t<a\n\t\t\t\t\thref=\"https:\/\/www.cityschool.pl\/wp-content\/uploads\/2020\/01\/TOEIC-luty-kwiecie\u0144-2020.pdf\"\n\t\t\t\t\tclass=\"sowb-button ow-icon-placement-left ow-button-hover\" \t>\n\t\t<span>\n\t\t\t\n\t\t\tWarszawa \t\t<\/span>\n\t\t\t<\/a>\n\t<\/div>\n<\/div><\/div>\n<\/div>\n<\/div>\n<\/div>\n","protected":false},"excerpt":{"rendered":"<p>Egzaminy TELC zosta\u0142y opracowane na podstawie skali poziom\u00f3w bieg\u0142o\u00b6ci j\u0119zykowej uj\u0119tej w Europejskim Systemie Opisu Kszta\u0142cenia J\u0119zykowego (Common European Framework) Rady Europy. Certyfikaty TELC s\u00b1 uznawane przez instytucje, pracodawc\u00f3w, uczelnie jak i Ministerstwo Edukacji Narodowej. Prezes Rady Ministr\u00f3w Rzeczypospolitej Polskiej uzna\u0142, \u017ce egzaminy TELC spe\u0142niaj\u00b1 wymogi post\u0119powania kwalifikacyjnego i dokumentowania znajomo\u00b6ci j\u0119zyka obcego w s\u0142u\u017cbie [&hellip;]<\/p>\n","protected":false},"author":1,"featured_media":0,"parent":0,"menu_order":0,"comment_status":"closed","ping_status":"closed","template":"","meta":{"footnotes":""},"class_list":["post-93","page","type-page","status-publish","hentry"],"_links":{"self":[{"href":"https:\/\/www.cityschool.pl\/index.php?rest_route=\/wp\/v2\/pages\/93","targetHints":{"allow":["GET"]}}],"collection":[{"href":"https:\/\/www.cityschool.pl\/index.php?rest_route=\/wp\/v2\/pages"}],"about":[{"href":"https:\/\/www.cityschool.pl\/index.php?rest_route=\/wp\/v2\/types\/page"}],"author":[{"embeddable":true,"href":"https:\/\/www.cityschool.pl\/index.php?rest_route=\/wp\/v2\/users\/1"}],"replies":[{"embeddable":true,"href":"https:\/\/www.cityschool.pl\/index.php?rest_route=%2Fwp%2Fv2%2Fcomments&post=93"}],"version-history":[{"count":19,"href":"https:\/\/www.cityschool.pl\/index.php?rest_route=\/wp\/v2\/pages\/93\/revisions"}],"predecessor-version":[{"id":28935,"href":"https:\/\/www.cityschool.pl\/index.php?rest_route=\/wp\/v2\/pages\/93\/revisions\/28935"}],"wp:attachment":[{"href":"https:\/\/www.cityschool.pl\/index.php?rest_route=%2Fwp%2Fv2%2Fmedia&parent=93"}],"curies":[{"name":"wp","href":"https:\/\/api.w.org\/{rel}","templated":true}]}}