{"id":122126,"date":"2025-09-28T21:15:01","date_gmt":"2025-09-28T19:15:01","guid":{"rendered":"https:\/\/www.cityschool.pl\/?page_id=122126"},"modified":"2025-10-17T21:44:18","modified_gmt":"2025-10-17T19:44:18","slug":"poznajmy-sie","status":"publish","type":"page","link":"https:\/\/www.cityschool.pl\/?page_id=122126","title":{"rendered":"&#8222;Poznajmy si\u0119&#8221;"},"content":{"rendered":"\n<h2>\u201eSzczeg\u00f3\u0142owy informacje dotycz\u0105ce projektu\u00a0,,Poznajmy si\u0119 \u2013 program integracyjny dla obywateli pa\u0144stw trzecich\u2019\u2019\u00a0znajduj\u0105 si\u0119 stronie g\u0142\u00f3wnej projektu:\u00a0<a href=\"http:\/\/poznajmysie.cityschool.pl\/\" target=\"_blank\" rel=\"noopener noreferrer\" data-saferedirecturl=\"https:\/\/zasobygwp.pl\/redirect?sig=e45c14751955a1f0564c8db96e18cc27f3630a66307ce9b0ce057099b86aae00&amp;url=aHR0cDovL3Bvem5ham15c2llLmNpdHlzY2hvb2wucGwv&amp;platform=desktop&amp;brand=o2\"><u>http:\/\/poznajmysie.cityschool.pl\/<\/u><\/a><\/h2>\n\n\n\n<div data-wp-interactive=\"core\/file\" class=\"wp-block-file\"><object data-wp-bind--hidden=\"!state.hasPdfPreview\" hidden class=\"wp-block-file__embed\" data=\"https:\/\/www.cityschool.pl\/wp-content\/uploads\/2025\/09\/Plakat-Poznajmy-Sie.pdf\" type=\"application\/pdf\" style=\"width:100%;height:1222px\" aria-label=\"Osadzone z Plakat-Poznajmy-Si\u0119.\"><\/object><a id=\"wp-block-file--media-3eb70c94-d0ac-4104-a2e6-d4c4965e4101\" href=\"https:\/\/www.cityschool.pl\/wp-content\/uploads\/2025\/09\/Plakat-Poznajmy-Sie.pdf\">Plakat-Poznajmy-Si\u0119<\/a><a href=\"https:\/\/www.cityschool.pl\/wp-content\/uploads\/2025\/09\/Plakat-Poznajmy-Sie.pdf\" class=\"wp-block-file__button wp-element-button\" download aria-describedby=\"wp-block-file--media-3eb70c94-d0ac-4104-a2e6-d4c4965e4101\">Pobierz<\/a><\/div>\n","protected":false},"excerpt":{"rendered":"<p>\u201eSzczeg\u00f3\u0142owy informacje dotycz\u0105ce projektu\u00a0,,Poznajmy si\u0119 \u2013 program integracyjny dla obywateli pa\u0144stw trzecich\u2019\u2019\u00a0znajduj\u0105 si\u0119 stronie g\u0142\u00f3wnej projektu:\u00a0http:\/\/poznajmysie.cityschool.pl\/<\/p>\n","protected":false},"author":1,"featured_media":0,"parent":0,"menu_order":0,"comment_status":"closed","ping_status":"closed","template":"","meta":{"footnotes":""},"class_list":["post-122126","page","type-page","status-publish","hentry"],"_links":{"self":[{"href":"https:\/\/www.cityschool.pl\/index.php?rest_route=\/wp\/v2\/pages\/122126","targetHints":{"allow":["GET"]}}],"collection":[{"href":"https:\/\/www.cityschool.pl\/index.php?rest_route=\/wp\/v2\/pages"}],"about":[{"href":"https:\/\/www.cityschool.pl\/index.php?rest_route=\/wp\/v2\/types\/page"}],"author":[{"embeddable":true,"href":"https:\/\/www.cityschool.pl\/index.php?rest_route=\/wp\/v2\/users\/1"}],"replies":[{"embeddable":true,"href":"https:\/\/www.cityschool.pl\/index.php?rest_route=%2Fwp%2Fv2%2Fcomments&post=122126"}],"version-history":[{"count":2,"href":"https:\/\/www.cityschool.pl\/index.php?rest_route=\/wp\/v2\/pages\/122126\/revisions"}],"predecessor-version":[{"id":122141,"href":"https:\/\/www.cityschool.pl\/index.php?rest_route=\/wp\/v2\/pages\/122126\/revisions\/122141"}],"wp:attachment":[{"href":"https:\/\/www.cityschool.pl\/index.php?rest_route=%2Fwp%2Fv2%2Fmedia&parent=122126"}],"curies":[{"name":"wp","href":"https:\/\/api.w.org\/{rel}","templated":true}]}}